hat is the ten thousands digit of 586401?
8
What is the ten thousands digit of 990535?
9
What is the tens digit of 3282783?
8
What is the units digit of 1548212?
2
What is the thousands digit of 106519?
6
What is the units digit of 11241796?
6
What is the millions digit of 10744144?
0
What is the hundred thousands digit of 464232?
4
What is the millions digit of 1857841?
1
What is the hundred thousands digit of 175458?
1
What is the units digit of 404361?
1
What is the hundreds digit of 1535436?
4
What is the ten thousands digit of 12747245?
4
What is the tens digit of 398485?
8
What is the hundred thousands digit of 513309?
5
What is the hundreds digit of 187952?
9
What is the units digit of 29969819?
9
What is the thousands digit of 57433?
7
What is the millions digit of 9557576?
9
What is the hundreds digit of 7073312?
3
What is the hundred thousands digit of 15248986?
2
What is the ten thousands digit of 327858?
2
What is the ten thousands digit of 6875025?
7
What is the units digit of 2537391?
1
What is the units digit of 12306064?
4
What is the units digit of 114259?
9
What is the units digit of 3138356?
6
What is the units digit of 1504537?
7
What is the hundreds digit of 338787?
7
What is the tens digit of 5421293?
9
What is the tens digit of 10067719?
1
What is the tens digit of 1468832?
3
What is the tens digit of 285132?
3
What is the hundred thousands digit of 6618361?
6
What is the tens digit of 193840?
4
What is the hundred thousands digit of 4091070?
0
What is the ten thousands digit of 61172?
6
What is the tens digit of 132196?
9
What is the hundreds digit of 36616846?
8
What is the thousands digit of 5150276?
0
What is the hundred thousands digit of 1880148?
8
What is the hundreds digit of 2964357?
3
What is the tens digit of 41899?
9
What is the ten thousands digit of 602624?
0
What is the hundreds digit of 7804957?
9
What is the hundred thousands digit of 1329693?
3
What is the ten thousands digit of 1333949?
3
What is the tens digit of 1112476?
7
What is the hundred thousands digit of 663402?
6
What is the units digit of 159419?
9
What is the units digit of 1079314?
4
What is the hundred thousands digit of 1336438?
3
What is the ten thousands digit of 3294155?
9
What is the hundreds digit of 3234139?
1
What is the hundred thousands digit of 12292302?
2
What is the ten thousands digit of 658965?
5
What is the ten thousands digit of 507757?
0
What is the thousands digit of 6681191?
1
What is the thousands digit of 1420185?
0
What is the tens digit of 4942556?
5
What is the ten thousands digit of 386657?
8
What is the hundred thousands digit of 1115122?
1
What is the units digit of 545737?
7
What is the hundreds digit of 275305?
3
What is the ten millions digit of 11862301?
1
What is the ten thousands digit of 304764?
0
What is the tens digit of 222337?
3
What is the ten thousands digit of 4499893?
9
What is the ten millions digit of 27456650?
2
What is the hundreds digit of 204884?
8
What is the units digit of 574583?
3
What is the hundreds digit of 120153?
1
What is the thousands digit of 30896?
0
What is the ten thousands digit of 1987871?
8
What is the tens digit of 19176431?
3
What is the units digit of 6163181?
1
What is the millions digit of 1641542?
1
What is the tens digit of 279673?
7
What is the ten thousands digit of 3479746?
7
What is the ten thousands digit of 16333?
1
What is the units digit of 1545104?
4
What is the hundred thousands digit of 5267091?
2
What is the thousands digit of 663603?
3
What is the millions digit of 6026422?
6
What is the ten millions digit of 14292538?
1
What is the tens digit of 230808?
0
What is the thousands digit of 2737472?
7
What is the hundreds digit of 105815?
8
What is the hundred thousands digit of 132066?
1
What is the tens digit of 13493700?
0
What is the thousands digit of 126181?
6
What is the hundreds digit of 53144?
1
What is the millions digit of 5297521?
5
What is the tens digit of 1831802?
0
What is the thousands digit of 850141?
0
What is the millions digit of 1569065?
1
What is the units digit of 178148?
8
What is the units digit of 231194?
4
What is the hundreds digit of 183810?
8
What is the hundreds digit of 23847468?
4
What is the ten thousands digit of 1375818?
7
What is the units digit of 24044229?
9
What is the units digit of 288657?
7
What is the units digit of 9340989?
9
What is the units digit of 26439?
9
What is the hundreds digit of 15221460?
4
What is the tens digit of 128679?
7
What is the hundreds digit of 84027?
0
What is the hundred thousands digit of 43375648?
3
What is the ten thousands digit of 1456747?
5
What is the ten thousands digit of 132458?
3
What is the ten thousands digit of 8478724?
7
What is the hundreds digit of 196908?
9
What is the hundreds digit of 588200?
2
What is the tens digit of 194732?
3
What is the units digit of 2973067?
7
What is the hundreds digit of 16256969?
9
What is the hundred thousands digit of 1609202?
6
What is the hundreds digit of 2874589?
5
What is the ten thousands digit of 432258?
3
What is the tens digit of 2850853?
5
What is the hundreds digit of 191742?
7
What is the tens digit of 817600?
0
What is the units digit of 373132?
2
What is the thousands digit of 900744?
0
What is the hundreds digit of 1947527?
5
What is the units digit of 280531?
1
What is the units digit of 8256512?
2
What is the thousands digit of 347527?
7
What is the hundreds digit of 3435084?
0
What is the thousands digit of 843097?
3
What is the thousands digit of 251088?
1
What is the ten thousands digit of 7192582?
9
What is the thousands digit of 3652755?
2
What is the ten thousands digit of 67196?
6
What is the thousands digit of 285229?
5
What is the units digit of 486061?
1
What is the millions digit of 1241275?
1
What is the ten thousands digit of 2315714?
1
What is the units digit of 855589?
9
What is the thousands digit of 10320971?
0
What is the tens digit of 97946?
4
What is the millions digit of 29526655?
9
What is the hundred thousands digit of 8839739?
8
What is the hundred thousands digit of 3007519?
0
What is the hundreds digit of 2658090?
0
What is the hundred thousands digit of 1324379?
3
What is the tens digit of 5903258?
5
What is the thousands digit of 216104?
6
What is the millions digit of 33329130?
3
What is the ten thousands digit of 321449?
2
What is the hundreds digit of 1008342?
3
What is the hundreds digit of 5184888?
8
What is the tens digit of 17208522?
2
What is the thousands digit of 456984?
6
What is the thousands digit of 4637938?
7
What is the tens digit of 170468?
6
What is the units digit of 1423007?
7
What is the ten millions digit of 12062875?
1
What is the tens digit of 371783?
8
What is the tens digit of 5062873?
7
What is the hundred thousands digit of 24724333?
7
What is the millions digit of 2808788?
2
What is the ten millions digit of 18760792?
1
What is the hundred thousands digit of 9967723?
9
What is the ten thousands digit of 378502?
7
What is the tens digit of 399270?
7
What is the millions digit of 5542870?
5
What is the tens digit of 2026107?
0
What is the hundreds digit of 7453229?
2
What is the units digit of 55265?
5
What is the units digit of 6349433?
3
What is the tens digit of 32599466?
6
What is the ten thousands digit of 1621230?
2
What is the ten thousands digit of 4297143?
9
What is the hundreds digit of 825720?
7
What is the thousands digit of 898909?
8
What is the hundreds digit of 410086?
0
What is the millions digit of 5845263?
5
What is the ten thousands digit of 38548?
3
What is the hundreds digit of 617404?
4
What is the tens digit of 678732?
3
What is the hundreds digit of 1372?
3
What is the hundreds digit of 1402894?
8
What is the units digit of 53073?
3
What is the thousands digit of 723551?
3
What is the hundreds digit of 4201133?
1
What is the tens digit of 747932?
3
What is the hundreds digit of 345097?
0
What is the ten thousands digit of 283564?
8
What is the tens digit of 5208499?
9
What is the hundreds digit of 15157793?
7
What is the tens digit of 1989428?
2
What is the thousands digit of 139692?
9
What is the hundred thousands digit of 5347334?
3
What is the hundreds digit of 19961295?
2
What is the units digit of 2991209?
9
What is the hundreds digit 